{"id":2406,"date":"2021-07-12T13:57:31","date_gmt":"2021-07-12T12:57:31","guid":{"rendered":"https:\/\/waldfrieden-suhl.de\/?page_id=2406"},"modified":"2021-07-12T14:04:35","modified_gmt":"2021-07-12T13:04:35","slug":"speisen-ausser-haus","status":"publish","type":"page","link":"https:\/\/waldfrieden-suhl.de\/index.php\/speisen-ausser-haus\/","title":{"rendered":"Speisen au\u00dfer Haus"},"content":{"rendered":"<section class=\"wpb-content-wrapper\"><p>[vc_row][vc_column][vc_single_image image=&#8220;2354&#8243; img_size=&#8220;full&#8220; alignment=&#8220;center&#8220;][vc_column_text css=&#8220;.vc_custom_1626095072080{margin-top: 30px !important;}&#8220;]<strong>Sie planen in Ihren eigenen R\u00e4umlichkeiten eine Familien- oder Firmenfeier und haben keine Lust selbst zu kochen? Dann sind Sie bei uns genau richtig, denn das \u00fcbernehmen wir gern f\u00fcr Sie.<\/strong><\/p>\n<p><strong>Anbei eine kleine Auswahl, was es bei unserer Leckereien. Gern beraten wir Sie pers\u00f6nlich und stellen, mit Ihnen gemeinsam, Ihr Wunschb\u00fcffet zusammen.<\/strong>[\/vc_column_text][vc_column_text]<\/p>\n<h2 align=\"center\"><span style=\"font-family: Calibri, serif;\"><b>Unser Angebot:<\/b><\/span><\/h2>\n<h3 align=\"center\"><\/h3>\n<h3 align=\"center\"><span style=\"font-family: Calibri, serif;\"><span style=\"font-size: large;\"><b>Vorspeisen<\/b><\/span><\/span><\/h3>\n<p align=\"center\"><span style=\"font-family: Times New Roman, serif;\"><span style=\"font-size: medium;\"><span style=\"font-family: Calibri, serif;\"><span style=\"font-size: small;\">buntes Salatbuffet mit ver. Blattsalaten und frisches Gem\u00fcse der Saison<\/span><\/span><\/span><\/span><\/p>\n<p align=\"center\"><span style=\"font-family: Times New Roman, serif;\"><span style=\"font-size: medium;\"><span style=\"font-family: Calibri, serif;\"><span style=\"font-size: small;\"><span lang=\"en-US\">Gurkensalat an Melone<\/span><\/span><\/span><\/span><\/span><\/p>\n<p align=\"center\"><span style=\"font-family: Times New Roman, serif;\"><span style=\"font-size: medium;\"><span style=\"font-family: Calibri, serif;\"><span style=\"font-size: small;\"><span lang=\"en-US\">Tomatensalat an Mango<\/span><\/span><\/span><\/span><\/span><\/p>\n<p align=\"center\"><span style=\"font-family: Times New Roman, serif;\"><span style=\"font-size: medium;\"><span style=\"font-family: Calibri, serif;\"><span style=\"font-size: small;\"><span lang=\"en-US\">Tomate-Mozzarella mit Balsamicocreme<\/span><\/span><\/span><\/span><\/span><\/p>\n<p align=\"center\"><span style=\"font-family: Times New Roman, serif;\"><span style=\"font-size: medium;\"><span style=\"font-family: Calibri, serif;\"><span style=\"font-size: small;\">Spargelsalat<\/span><\/span><\/span><\/span><\/p>\n<p align=\"center\"><span style=\"font-family: Times New Roman, serif;\"><span style=\"font-size: medium;\"><span style=\"font-family: Calibri, serif;\"><span style=\"font-size: small;\">Kartoffelsalat<\/span><\/span><\/span><\/span><\/p>\n<p align=\"center\"><span style=\"font-family: Times New Roman, serif;\"><span style=\"font-size: medium;\"><span style=\"font-family: Calibri, serif;\"><span style=\"font-size: small;\">dazu Kr\u00e4uter- und Knoblauchcroutons und 3 verschiedenen Dressings<\/span><\/span><\/span><\/span><\/p>\n<p align=\"center\"><span style=\"font-family: Times New Roman, serif;\"><span style=\"font-size: medium;\"><span style=\"font-family: Calibri, serif;\"><span style=\"font-size: small;\">Honigmelone mit Parmaschinken<\/span><\/span><\/span><\/span><\/p>\n<p align=\"center\"><span style=\"font-family: Calibri, serif;\">Carpaccio vom Rind mit gehobeltem Parmesan<\/span><\/p>\n<p align=\"center\"><span style=\"font-family: Calibri, serif;\">Th\u00fcringer Wurstspezialit\u00e4ten<\/span><\/p>\n<p align=\"center\"><span style=\"font-family: Calibri, serif;\">K\u00e4sevariation<\/span><\/p>\n<p align=\"center\"><span style=\"font-family: Calibri, serif;\">Auswahl anger\u00e4ucherten und gebeizten Fisch<\/span><\/p>\n<p align=\"center\"><span style=\"font-family: Calibri, serif;\">Aufschnittplatten (verschiedene Sorten Schinken, Braten, Lende usw.)<\/span><\/p>\n<p align=\"center\"><span style=\"font-family: Calibri, serif;\">Brotkorb mit hausgemachter Kr\u00e4uter und Knoblauchbutter<\/span><\/p>\n<h3 align=\"center\"><span style=\"font-family: Calibri, serif;\"><span style=\"font-size: large;\"><b>Suppen<\/b><\/span><\/span><\/h3>\n<p align=\"center\"><span style=\"font-family: Calibri, serif;\">Deftiger Kesselgulasch<\/span><\/p>\n<p align=\"center\"><span style=\"font-family: Calibri, serif;\">Kartoffel-Lauchs\u00fcppchen<\/span><\/p>\n<p align=\"center\"><span style=\"font-family: Calibri, serif;\">Gem\u00fcsecremes\u00fcppchen<\/span><\/p>\n<p align=\"center\"><span style=\"font-family: Calibri, serif;\">Kr\u00e4uter Fl\u00e4dles\u00fcppchen<\/span><\/p>\n<p align=\"center\"><span style=\"font-family: Calibri, serif;\">Hochzeitss\u00fcppchen mit Einlage<\/span><\/p>\n<p align=\"center\"><span style=\"font-family: Calibri, serif;\">Cremes\u00fcppchen vom Broccolie an ger\u00f6steten Pinienkernen<\/span><\/p>\n<h3 align=\"center\"><\/h3>\n<h3 align=\"center\"><\/h3>\n<h3 align=\"center\"><span style=\"font-family: Calibri, serif;\"><span style=\"font-size: large;\"><b>Braten und Grillspezialit\u00e4ten<\/b><\/span><\/span><\/h3>\n<p align=\"center\"><span style=\"font-family: Calibri, serif;\">Hausgemachte Nuggets<\/span><\/p>\n<p align=\"center\"><span style=\"font-family: Calibri, serif;\">H\u00fchnerbeinchen<\/span><\/p>\n<p align=\"center\"><span style=\"font-family: Calibri, serif;\">Bratwurst &amp;Rostbr\u00e4tel<\/span><\/p>\n<p align=\"center\"><span style=\"font-family: Calibri, serif;\">Burger zum selbst belegen<\/span><\/p>\n<p align=\"center\"><span style=\"font-family: Calibri, serif;\">Schnitzel Milanese vom Kalb mit verschiedenem K\u00e4se gef\u00fcllt<\/span><\/p>\n<p align=\"center\"><span style=\"font-family: Calibri, serif;\">Rinderh\u00fcfte mit Kr\u00e4uterbutter und Sauce Bernaise<\/span><\/p>\n<p align=\"center\"><span style=\"font-family: Calibri, serif;\">Spare Rips, Grillk\u00e4se verschieden mariniert<\/span><\/p>\n<p align=\"center\"><span style=\"font-family: Calibri, serif;\">Schwarzbierbraten<\/span><\/p>\n<p align=\"center\"><span style=\"font-family: Calibri, serif;\">Zwiebelbraten<\/span><\/p>\n<p align=\"center\"><span style=\"font-family: Calibri, serif;\">Schweinemedallions an Pfefferrahm<\/span><\/p>\n<p align=\"center\"><span style=\"font-family: Calibri, serif;\">Rinderroulade<\/span><\/p>\n<p align=\"center\"><span style=\"font-family: Calibri, serif;\">G\u00e4nsebrust<\/span><\/p>\n<p align=\"center\"><span style=\"font-family: Calibri, serif;\">Entenkeule<\/span><\/p>\n<p align=\"center\"><span style=\"font-family: Calibri, serif;\">Wildbraten <\/span><\/p>\n<p align=\"center\"><span style=\"font-family: Calibri, serif;\">Kasselerbraten<\/span><\/p>\n<p align=\"center\"><span style=\"font-family: Calibri, serif;\">H\u00e4hnchengeschnetzeltes<\/span><\/p>\n<h3 align=\"center\"><\/h3>\n<h3 align=\"center\"><\/h3>\n<h3 align=\"center\"><span style=\"font-family: Calibri, serif;\"><span style=\"font-size: large;\"><b>Fischgerichte<\/b><\/span><\/span><\/h3>\n<p align=\"center\"><span style=\"font-family: Calibri, serif;\">Zander in Folie<\/span><\/p>\n<p align=\"center\"><span style=\"font-family: Calibri, serif;\">Seezunge an Gem\u00fcsestreifen<\/span><\/p>\n<p align=\"center\"><span style=\"font-family: Calibri, serif;\">Gebratener Lachs<\/span><\/p>\n<p align=\"center\"><span style=\"font-family: Calibri, serif;\">Garnelenpf\u00e4nnchen an Chiliesahneso\u00dfe<\/span><\/p>\n<h3 align=\"center\"><span style=\"font-family: Calibri, serif;\"><span style=\"font-size: large;\"><b>Beilagen<\/b><\/span><\/span><\/h3>\n<p align=\"center\"><span style=\"font-family: Times New Roman, serif;\"><span style=\"font-size: medium;\"><span style=\"font-family: Calibri, serif;\"><span style=\"font-size: small;\">Rotkraut<\/span><\/span><\/span><\/span><\/p>\n<p align=\"center\"><span style=\"font-family: Times New Roman, serif;\"><span style=\"font-size: medium;\"><span style=\"font-family: Calibri, serif;\"><span style=\"font-size: small;\">Sauerkraut<\/span><\/span><\/span><\/span><\/p>\n<p align=\"center\"><span style=\"font-family: Times New Roman, serif;\"><span style=\"font-size: medium;\"><span style=\"font-family: Calibri, serif;\"><span style=\"font-size: small;\">Waldpilze<\/span><\/span><\/span><\/span><\/p>\n<p align=\"center\"><span style=\"font-family: Times New Roman, serif;\"><span style=\"font-size: medium;\"><span style=\"font-family: Calibri, serif;\"><span style=\"font-size: small;\">Blattspinat<\/span><\/span><\/span><\/span><\/p>\n<p align=\"center\"><span style=\"font-family: Times New Roman, serif;\"><span style=\"font-size: medium;\"><span style=\"font-family: Calibri, serif;\"><span style=\"font-size: small;\">Tomaten und Zucchini vegetarisch gef\u00fcllt und \u00fcberbacken<\/span><\/span><\/span><\/span><\/p>\n<p align=\"center\"><span style=\"font-family: Times New Roman, serif;\"><span style=\"font-size: medium;\"><span style=\"font-family: Calibri, serif;\"><span style=\"font-size: small;\">Blumenkohl und Broccolie mit Hollandaise \u00fcberbacken<\/span><\/span><\/span><\/span><\/p>\n<p align=\"center\"><span style=\"font-family: Times New Roman, serif;\"><span style=\"font-size: medium;\"><span style=\"font-family: Calibri, serif;\"><span style=\"font-size: small;\">Rahmchampignons<\/span><\/span><\/span><\/span><\/p>\n<p align=\"center\"><span style=\"font-family: Times New Roman, serif;\"><span style=\"font-size: medium;\"><span style=\"font-family: Calibri, serif;\"><span style=\"font-size: small;\">Spargel<\/span><\/span><\/span><\/span><\/p>\n<p align=\"center\"><span style=\"font-family: Times New Roman, serif;\"><span style=\"font-size: medium;\"><span style=\"font-family: Calibri, serif;\"><span style=\"font-size: small;\">Grillgem\u00fcse<\/span><\/span><\/span><\/span><\/p>\n<p align=\"center\"><span style=\"font-family: Times New Roman, serif;\"><span style=\"font-size: medium;\"><span style=\"font-family: Calibri, serif;\"><span style=\"font-size: small;\">gebratene Maiskolben<\/span><\/span><\/span><\/span><\/p>\n<p align=\"center\"><span style=\"font-family: Times New Roman, serif;\"><span style=\"font-size: medium;\"><span style=\"font-family: Calibri, serif;\"><span style=\"font-size: small;\">hausgemachte Kartoffelecken,<\/span><\/span><\/span><\/span><\/p>\n<p align=\"center\"><span style=\"font-family: Times New Roman, serif;\"><span style=\"font-size: medium;\"><span style=\"font-family: Calibri, serif;\"><span style=\"font-size: small;\">Twister Pommes<\/span><\/span><\/span><\/span><\/p>\n<p align=\"center\"><span style=\"font-family: Times New Roman, serif;\"><span style=\"font-size: medium;\"><span style=\"font-family: Calibri, serif;\"><span style=\"font-size: small;\">Ofenkartoffel<\/span><\/span><\/span><\/span><\/p>\n<p align=\"center\"><span style=\"font-family: Times New Roman, serif;\"><span style=\"font-size: medium;\"><span style=\"font-family: Calibri, serif;\"><span style=\"font-size: small;\">Th\u00fcringer Kl\u00f6\u00dfe<\/span><\/span><\/span><\/span><\/p>\n<p align=\"center\"><span style=\"font-family: Times New Roman, serif;\"><span style=\"font-size: medium;\"><span style=\"font-family: Calibri, serif;\"><span style=\"font-size: small;\">Mandelb\u00e4llchen<\/span><\/span><\/span><\/span><\/p>\n<h3 align=\"center\"><\/h3>\n<h3 align=\"center\"><\/h3>\n<h3 align=\"center\"><span style=\"font-family: Times New Roman, serif;\"><span style=\"font-size: medium;\"><span style=\"font-family: Calibri, serif;\"><span style=\"font-size: large;\"><b>Dessert<\/b><\/span><\/span><\/span><\/span><\/h3>\n<p align=\"center\"><span style=\"font-family: Calibri, serif;\">Rote Gr\u00fctze an Vanillieso\u00dfe<\/span><\/p>\n<p align=\"center\"><span style=\"font-family: Calibri, serif;\">Schokopudding<\/span><\/p>\n<p align=\"center\"><span style=\"font-family: Calibri, serif;\">Obstsalat an Grand Manier und Pinienkernen<\/span><\/p>\n<p align=\"center\"><span style=\"font-family: Calibri, serif;\">Obstplatte<\/span><\/p>\n<p>[\/vc_column_text][vc_column_text]<span style=\"font-family: Calibri, serif;\">Unser Angebot eignet sich ab 10 Personen. Wir richten uns nach Ihren Vorstellungen. Die W\u00e4rmebeh\u00e4ltnisse sind selbstverst\u00e4ndlich im Endpreis enthalten. Sowohl Selbstabholung als auch Anlieferung ( gegen Aufpreis m\u00f6glich).Terminvereinbarung zur pers\u00f6nlichen Absprache unter 03681-722417.<\/span><\/p>\n<p><span style=\"font-family: Calibri, serif;\">Ihr Team vom Feriendorf Waldfrieden<\/span>[\/vc_column_text][\/vc_column][\/vc_row]<\/p>\n<\/section>","protected":false},"excerpt":{"rendered":"<p>[vc_row][vc_column][vc_single_image image=&#8220;2354&#8243; img_size=&#8220;full&#8220; alignment=&#8220;center&#8220;][vc_column_text css=&#8220;.vc_custom_1626095072080{margin-top: 30px !important;}&#8220;]Sie planen in Ihren eigenen R\u00e4umlichkeiten eine Familien- oder Firmenfeier und haben keine Lust selbst zu kochen? Dann sind Sie bei uns genau richtig, denn das \u00fcbernehmen wir gern f\u00fcr Sie. Anbei eine kleine Auswahl, was es bei unserer Leckereien. Gern beraten wir Sie pers\u00f6nlich und stellen, mit Ihnen [&hellip;]<\/p>\n","protected":false},"author":1,"featured_media":0,"parent":0,"menu_order":0,"comment_status":"closed","ping_status":"closed","template":"page.php","meta":{"footnotes":""},"class_list":["post-2406","page","type-page","status-publish","hentry"],"_links":{"self":[{"href":"https:\/\/waldfrieden-suhl.de\/index.php\/wp-json\/wp\/v2\/pages\/2406","targetHints":{"allow":["GET"]}}],"collection":[{"href":"https:\/\/waldfrieden-suhl.de\/index.php\/wp-json\/wp\/v2\/pages"}],"about":[{"href":"https:\/\/waldfrieden-suhl.de\/index.php\/wp-json\/wp\/v2\/types\/page"}],"author":[{"embeddable":true,"href":"https:\/\/waldfrieden-suhl.de\/index.php\/wp-json\/wp\/v2\/users\/1"}],"replies":[{"embeddable":true,"href":"https:\/\/waldfrieden-suhl.de\/index.php\/wp-json\/wp\/v2\/comments?post=2406"}],"version-history":[{"count":5,"href":"https:\/\/waldfrieden-suhl.de\/index.php\/wp-json\/wp\/v2\/pages\/2406\/revisions"}],"predecessor-version":[{"id":2412,"href":"https:\/\/waldfrieden-suhl.de\/index.php\/wp-json\/wp\/v2\/pages\/2406\/revisions\/2412"}],"wp:attachment":[{"href":"https:\/\/waldfrieden-suhl.de\/index.php\/wp-json\/wp\/v2\/media?parent=2406"}],"curies":[{"name":"wp","href":"https:\/\/api.w.org\/{rel}","templated":true}]}}